 o + 8. Let q be f(-6). Suppose -q*g = 4*i + 14, 3*i - 7 = 5*g - i. Give k(g).
-4
Let h(p) be the second derivative of -5/12*p**4 - 1/20*p**5 + 0 + 7/6*p**3 + 4*p + 0*p**2. Determine h(-6).
-6
Suppose 0 = -2*l - 0*l + 8. Let k = l + -7. Let u(i) be the second derivative of -i**4/6 - i**3/2 + i**2 - 2*i. What is u(k)?
-7
Let x be 7*1 + (8 - 8). Let u(p) = x*p + 6*p + 6 - 8*p + p**2. Calculate u(-4).
2
Let c = 3 + 3. Let n(x) = -8 + 1 - c*x - 2*x. Let z(f) = -f - 1. Let s(j) = -n(j) + 5*z(j). Give s(-2).
-4
Let s(a) be the third derivative of a**5/60 - a**4/12 - 7*a**3/6 + 29*a**2. Determine s(5).
8
Let z(m) = 3*m**2 + m - 2*m**2 - 6*m + 1 + 12*m. What is z(-7)?
1
Let h(s) = s + 3. Let n(c) = -3. Let i(o) = 5*h(o) + 6*n(o). Calculate i(4).
17
Let x be 6*4/12 - 0. Let y(o) = -22*o**2 - 4*o + 10. Let r(j) = 7*j**2 + j - 3. Let n(t) = -16*r(t) - 5*y(t). Determine n(x).
-2
Suppose -27*r + 24*r = 3. Let u(j) = -6*j + 1. Calculate u(r).
7
Let y(g) = -g**3 + 3*g. Suppose 5*x - 5*w + 8 = -7, 6 = -2*x + 5*w. Give y(x).
18
Let h = 6 + -4. Suppose 22 = 4*d - h*r, d + 4*r + 17 + 0 = 0. Let n(x) = x**2 - x - 2. Give n(d).
4
Let v(z) = -2*z - 19. Let i be v(-12). Let r(n) = -n**3 + 6*n**2 - 2*n - 6. Determine r(i).
9
Let c(p) be the second derivative of -p**5/20 - p**4/3 + 2*p**3/3 + p**2/2 + 36*p. What is c(-4)?
-15
Let z(p) = -p**3 - 2*p**2 - 2. Suppose 3*i + 4 = i. What is z(i)?
-2
Let k(b) = -2*b**3 - b**2 + 2. Suppose 0 = a - 3*r + 5, 6*r - 1 = 5*r. Determine k(a).
14
Let l(u) = -16*u + 21. Let k(c) = 3*c - 4. Let o(w) = 11*k(w) + 2*l(w). Calculate o(5).
3
Let c(i) = 2*i + 6. Let p be c(-2). Let y(o) be the third derivative of -o**p + 1/60*o**5 + 0 + 0*o**4 + 0*o - 7/6*o**3. Calculate y(0).
-7
Suppose 4*q = 2*c + 6, q + q + 3*c - 23 = 0. Let f(p) = 2 - q*p**2 + 0*p + p**3 - 1 - 5*p + 3. Determine f(5).
4
Let o be (-10)/15*-3*1. Let j(l) = -2*l**3 + o*l**2 - 1 + 9*l**3 - 2*l**2 + 2*l**2. Determine j(-1).
-6
Let p(x) = -4*x + 1 + 0*x + 2*x. Let f be (-1)/(-4) - (-5)/(-4). Give p(f).
3
Let f be 40/(-6) - (-2)/(-6). Let b = 4 + f. Let l(r) be the second derivative of -r**4/6 - 2*r**3/3 - r**2/2 + 18*r. Determine l(b).
-7
Let g(r) = -r + 2. Let l be g(-6). Suppose 0 = 5*z - l + 33. Let b(i) = -i**2 - 7*i - 5. Calculate b(z).
5
Let y(t) = -t**3 + 7*t - 9*t**2 - 11*t - 5*t + 10. Calculate y(-7).
-25
Let t(x) = -5*x**2 - 40*x + 4. Let v(c) = c**2 + 10*c - 1. Let q(z) = -2*t(z) - 9*v(z). Give q(10).
1
Let j(f) = f**2 - 7*f - 8. Let u(h) = -2*h**2 - h**2 + h**2 + 15*h + 17. Suppose -3*x = 2*x - 65. Let k(o) = x*j(o) + 6*u(o). Determine k(-2).
4
Suppose 0*h - h = 4. Let t(r) be the third derivative of -r**5/60 - r**4/8 + 2*r**3/3 - r**2. Give t(h).
0
Let r(b) = b**2 - 2. Suppose 5*k - 42 = -2. Suppose 4*f = k*f + 24. Let p(v) = v**2 + 7*v + 8. Let n be p(f). Determine r(n).
2
Let x(q) = 3*q - 2. Let m be x(2). Let y(o) = -o**2 + 6*o - 6. Calculate y(m).
2
Let t be ((-2)/(-5))/((-92)/(-230)). Let h(l) = 8*l**3 - l + 1. Determine h(t).
8
Let h be ((-1)/3)/((-6)/18). Let w be h/(2/4) - -4. Let t(y) = -y**2 + 8*y - 8. What is t(w)?
4
Let y(k) = 2*k - 4. Let n be y(5). Let w = 6 - n. Suppose w*d - 9 = 3*d. Let p(b) = b**2 - 1. Determine p(d).
8
Let w = 54 - 59. Suppose 2*s = 2*l + 4, -5*s + 2*l = 5*l - 18. Let a(q) = -s*q**2 + 3*q + 7*q**2 + q**3 - 8*q - 3. Determine a(w).
-3
Let h(u) = -u**3 + 8*u**2 + 7*u - 8. Let k(d) = -2*d**3 + 15*d**2 + 14*d - 16. Let o(j) = 5*h(j) - 3*k(j). Determine o(6).
2
Let y = 7 + -9. Let r(k) = -2*k**3 - 2*k**2 - 2. Calculate r(y).
6
Let h(q) = q - 5. Let v(w) = 5*w - 29. Let k be v(5). What is h(k)?
-9
Suppose -4*u - 2*q + 0 = 4, -4*u + 5*q - 18 = 0. Let c = u - -2. Let o = c + 2. Let m(s) = -s**3 + s + 2. Calculate m(o).
-4
Let m(y) = -9*y**3 - 13*y**2 - 16. Let o(i) = 5*i**3 + 7*i**2 + 8. Let f(h) = 6*m(h) + 11*o(h). Suppose 2*a = a. Give f(a).
-8
Let u be (-9)/21 + 12/28. Let v = 4 - u. Let x(r) = r**3 - 3*r**2 - 4*r - 2. Determine x(v).
-2
Let v(g) be the third derivative of -g**8/20160 + g**7/630 + g**6/240 - g**5/12 - 3*g**2. Let o(q) be the third derivative of v(q). Give o(8).
3
Let q(x) = -x - 7. Let g be (-1)/2 - 91/14. Give q(g).
0
Suppose -5*u = 22 - 2. Let o be (1/(-3))/(u/36). Let m be (-1)/o - (-20)/6. Let j(n) = -2*n**2 + 3*n - 2. Determine j(m).
-11
Let y(b) = -1 + 0*b - 3 - b. Let f be y(-3). Let l(n) = -n**3 - n**2 - n - 1. Let a be l(f). Let h(k) = k**3 + 4. Determine h(a).
4
Let n(v) be the second derivative of 5/6*v**3 + 0 + v**2 - 2*v + 1/12*v**4. Let j = -11 - -6. Give n(j).
2
Let i(t) be the second derivative of 1/12*t**4 - t + 0*t**5 + 0*t**2 + 0*t**3 - 1/720*t**6 + 0. Let r(w) be the third derivative of i(w). What is r(0)?
0
Let a(h) = -7*h - 4. Let k(u) = 20*u + 11. Let x(j) = -17*a(j) - 6*k(j). Let f(p) = p**2 - 13*p + 6. Let w be f(14). Let n be (-1)/(2 - 44/w). Calculate x(n).
-3
Let j = -13 - -8. Let g = 1 + j. Let x(u) = -u**2 - 3*u + 3. What is x(g)?
-1
Let f(a) = -3*a - 3. Let z(h) = -13*h - 11. Let p(j) = -9*f(j) + 2*z(j). Give p(-11).
-6
Let i(a) = -a + 3. Suppose -4*z = -n - 7, -4*z + 2*z + 26 = 4*n. Suppose 1 = -2*q + n. Let o = 2 + q. Give i(o).
-1
Let r = 3 + -1. Let u(y) = 3*y - r*y - 1 - 2*y. Suppose -3*h + 3 = -5*p - 7, -p - 20 = 3*h. Calculate u(h).
4
Suppose -8*u - 55 = 3*u. Let d(w) = w**3 + 6*w**2 + 5*w + 4. Calculate d(u).
4
Let q(f) = -f**2 - 5*f + 3. Let n be q(-5). Let v(w) = -5*w - n + 3*w + 3*w. What is v(2)?
-1
Let r(o) = -5*o + 8. Let s(t) = -14*t + 23. Let l(a) = -11*r(a) + 4*s(a). Let q be l(4). Let i(y) = -y - 10. What is i(q)?
-10
Let c = -2 + 4. Let l be (1/c)/(1/(-4)). Let u(p) be the third derivative of -p**5/60 - p**3/6 + 2*p**2. Calculate u(l).
-5
Let s(i) = -i**2 - 6*i - 4. Let b(z) = z**2 + 7*z - 11. Let g be b(-9). Let t = g - 12. What is s(t)?
1
Let b(c) = c + 1. Let l = -25 + 22. Give b(l).
-2
Let l(y) = 4*y + 4. Let g(c) = 2*c + 2. Let x(i) = -5*g(i) + 2*l(i). Calculate x(3).
-8
Let m = 25/42 - 65/168. Let p(l) be the third derivative of 1/60*l**5 + 0 + 0*l + m*l**4 + 0*l**3 - l**2. Calculate p(-6).
6
Suppose -q + 3 = -2*q. Let d(x) = -x**3 - 5*x + 1. Let n(t) = -t**2 + t. Let f(l) = d(l) + 4*n(l). Calculate f(q).
-5
Let j = 0 + 3. Let d(b) = 1 + 1 + 2 - j*b + 2*b. Suppose y - 15 = -4*y. What is d(y)?
1
Suppose 0 = -7*v - 3*v + 30. Let b(u) = u**3 - 4*u**2 + 4*u - 2. Give b(v).
1
Let o(a) = -a**3 - 16*a**2 - 28*a + 3. Let b be o(-14). Let r(z) be the first derivative of 1 - 1/4*z**4 + 3/2*z**2 - b*z - 2/3*z**3. What is r(-3)?
-3
Let w be 1*-1 + (6 - 0). Suppose -14 = -2*s - 4*k, -5*s + k + w = -4*k. Let t(m) be the second derivative of -m**4/6 + m**3/2 + 3*m**2/2 + 25*m. What is t(s)?
-6
Let b(t) = -t**3 + 4*t**2 + 2*t - 6. Let i be b(4). Let d(m) = m**i - 3*m + 0*m**2 - m - 7. Suppose 3*l = -l + 20. Calculate d(l).
-2
Let b(j) = -2*j + 4 + 3*j - 3. Determine b(-2).
-1
Let o(u) = u**2 - 3*u + 4. Let q(p) = p**3 + p**2 + p - 8. Let y be q(0). Let m = -5 - y. What is o(m)?
4
Let b(j) = 1 + 3*j**2 - 2 - 1 + 2*j. Let a(c) = c**3 - 2*c - 1. Let v be a(-1). Let z = -2 - v. Calculate b(z).
6
Let h(g) = 3*g**2 + 29*g - 9. Let p be h(-10). Let a(r) = 8*r**3 + r - 1. What is a(p)?
8
Let y(h) = 3*h - 3*h - 3*h - 8 + 5*h. Let x be y(6). Let v(q) = 5*q**2 + 1 - 6*q + 5 + 2*q**3 - 3*q**3. What is v(x)?
-2
Suppose 3 = -2*w + 9. Let d(y) = -4*y + 2. Determine d(w).
-10
Let w be (-4)/(-6) - 21/(-9). Let q(u) = 1 - w*u**2 + 3 + 4*u**2 - 3*u. Suppose -2*f + 5 + 1 = 0. What is q(f)?
4
Let p be 46/299 - (-126)/26. Let v(b) = -b - 1 + 2*b**3 - 5*b**3 + 5*b**2 + 2*b**3. What is v(p)?
-6
Let b(j) be the second derivative of -5/12*j**4 + 1/6*j**3 + 3*j + 0 - 2*j**2 + 1/20*j**5. Give b(5).
1
Let v be -1*(-6 + 4) + 8. Let s(m) = 6*m - 11*m + 6*m**2 - 2*m**2 + 3 + v*m + m**3. Determine s(-3).
-3
Let f(a) = a**3 + 7*a**2 - 8*a + 8. Suppose -16 - 9 = 2*v - 3*p, 2*p - 46 = 5*v. What is f(v)?
8
Let q(h) = -6*h**2 - 2*h - 1. Let x be ((-4)/6)/(24/36). Give q(x).
-5
Let z(w) = w**2 + 11*w + 14. Let g be z(-10). Suppose -g*l - 4 = -3*l. Let i(f) = 5 - 8 - 2*f - 3. Calculate i(l).
2
Let w(x) = x + 10. Let u be w(-8). Let a(q) = -q**2 + q. Determine a(u).
-2
Suppose 2*a + h = 2*h + 19, 4 = -3*a - 5*h. Suppose -3 = -5*v + a. Let j(m) = m - 1. Determine j(v).
1
Let h(n) = 273*n**3 + n - 272*n**3 + 2 - 1